{"id":59,"date":"2025-10-19T18:03:34","date_gmt":"2025-10-19T16:03:34","guid":{"rendered":"http:\/\/madameladiet.fr\/?page_id=59"},"modified":"2025-10-20T01:22:27","modified_gmt":"2025-10-19T21:22:27","slug":"les-prestations","status":"publish","type":"page","link":"https:\/\/madameladiet.fr\/index.php\/les-prestations\/","title":{"rendered":"Les Prestations"},"content":{"rendered":"\n<h2 class=\"wp-block-heading\"><strong>Consultations &amp; Prestations<\/strong><\/h2>\n\n\n\n<h3 class=\"wp-block-heading\"><strong>Bilan di\u00e9t\u00e9tique initial<\/strong> \/ R\u00e9\u00e9quilibrage alimentaire<\/h3>\n\n\n\n<p><strong>Dur\u00e9e :<\/strong> 1h<br><strong>Tarif :<\/strong> 60 \u20ac<br>Premi\u00e8re rencontre permettant de faire le point sur votre sant\u00e9, vos habitudes alimentaires, votre mode de vie et vos objectifs.<br>Un plan alimentaire personnalis\u00e9 est ensuite \u00e9labor\u00e9 pour poser les bases d\u2019un accompagnement adapt\u00e9 et durable.<\/p>\n\n\n\n<hr class=\"wp-block-separator has-alpha-channel-opacity\"\/>\n\n\n\n<h3 class=\"wp-block-heading\"><strong>Consultation de suivi<\/strong><\/h3>\n\n\n\n<p><strong>Dur\u00e9e :<\/strong> 30 min<br><strong>Tarif :<\/strong> 35 \u20ac<br>Suivi personnalis\u00e9 permettant d\u2019ajuster le plan alimentaire, d\u2019accompagner les changements, et de maintenir la motivation au fil du temps.<br>Chaque s\u00e9ance est un temps d\u2019\u00e9change pour consolider vos progr\u00e8s et r\u00e9pondre \u00e0 vos besoins du moment.<\/p>\n\n\n\n<hr class=\"wp-block-separator has-alpha-channel-opacity\"\/>\n\n\n\n<h3 class=\"wp-block-heading\"><strong>Suivi pr\u00e9-chirurgie bariatrique<\/strong><\/h3>\n\n\n\n<p><strong>Dur\u00e9e :<\/strong> 1h<br><strong>Tarif :<\/strong> 40 \u20ac<br>Accompagnement personnalis\u00e9 avant la chirurgie pour pr\u00e9parer votre organisme et votre relation \u00e0 l\u2019alimentation.<br>Objectif : <strong>optimiser la r\u00e9ussite du geste chirurgical<\/strong> et poser les bases d\u2019un <strong>changement durable et serein<\/strong>.<\/p>\n\n\n\n<hr class=\"wp-block-separator has-alpha-channel-opacity\"\/>\n\n\n\n<h3 class=\"wp-block-heading\"><strong>Suivi post-chirurgie bariatrique<\/strong><\/h3>\n\n\n\n<p><strong>Dur\u00e9e :<\/strong> 45-60 min<br><strong>Tarif :<\/strong> 50 \u20ac<br>Accompagnement nutritionnel apr\u00e8s chirurgie pour assurer une perte de poids saine, pr\u00e9venir les carences et am\u00e9liorer la tol\u00e9rance digestive.<br>Objectif : <strong>stabiliser la perte de poids<\/strong> et <strong>r\u00e9apprendre \u00e0 s\u2019alimenter avec plaisir et s\u00e9curit\u00e9<\/strong>.<\/p>\n\n\n\n<hr class=\"wp-block-separator has-alpha-channel-opacity\"\/>\n\n\n\n<h3 class=\"wp-block-heading\"> <strong>Canc\u00e9rologie<\/strong><\/h3>\n\n\n\n<p><strong>Dur\u00e9e :<\/strong> 45-60 min<br><strong>Tarif :<\/strong> 50 \u20ac<br>Accompagnement nutritionnel adapt\u00e9 \u00e0 chaque \u00e9tape du parcours de soins.<br>Objectif : <strong>pr\u00e9venir la d\u00e9nutrition<\/strong>, soutenir la tol\u00e9rance des traitements et pr\u00e9server la qualit\u00e9 de vie \u00e0 travers une alimentation adapt\u00e9e et bienveillante.<\/p>\n\n\n\n<hr class=\"wp-block-separator has-alpha-channel-opacity\"\/>\n\n\n\n<h3 class=\"wp-block-heading\"><strong>Diab\u00e8te (type 1, type 2, gestationnel)<\/strong><\/h3>\n\n\n\n<p><strong>Dur\u00e9e :<\/strong> 45-60 min<br><strong>Tarif :<\/strong> 50 \u20ac<br>Accompagnement personnalis\u00e9 pour comprendre et ma\u00eetriser son \u00e9quilibre glyc\u00e9mique.<br>Objectif : <strong>stabiliser la glyc\u00e9mie<\/strong>, adapter l\u2019alimentation au traitement et retrouver une relation sereine \u00e0 l\u2019alimentation.<\/p>\n\n\n\n<hr class=\"wp-block-separator has-alpha-channel-opacity\"\/>\n\n\n\n<h3 class=\"wp-block-heading\"><strong>Gastro-ent\u00e9rologie<\/strong><\/h3>\n\n\n\n<p><strong>Dur\u00e9e :<\/strong> 45 &#8211; 60min<br><strong>Tarif :<\/strong> 50 \u20ac<br>Consultation d\u00e9di\u00e9e aux troubles digestifs (RGO, c\u00f4lon irritable, ballonnements, MICI, etc.).<br>Objectif : <strong>apaiser le syst\u00e8me digestif<\/strong>, identifier les intol\u00e9rances et am\u00e9liorer le confort intestinal gr\u00e2ce \u00e0 une approche personnalis\u00e9e.<\/p>\n\n\n\n<hr class=\"wp-block-separator has-alpha-channel-opacity\"\/>\n\n\n\n<h3 class=\"wp-block-heading\"><strong>Troubles de la conduite alimentaire (TCA)<\/strong><\/h3>\n\n\n\n<p><strong>Dur\u00e9e :<\/strong> 1h<br><strong>Tarif :<\/strong> 50 \u20ac<br>Accompagnement bienveillant pour comprendre et apaiser la relation \u00e0 l\u2019alimentation.<br>Objectif : <strong>retrouver \u00e9quilibre, confiance et plaisir de manger<\/strong>, dans un cadre s\u00e9curisant et sans jugement.<\/p>\n\n\n\n<hr class=\"wp-block-separator has-alpha-channel-opacity\"\/>\n\n\n\n<h3 class=\"wp-block-heading\"><strong>D\u00e9briefing post-Grand Raid (ou autre \u00e9preuve d\u2019endurance)<\/strong><\/h3>\n\n\n\n<p><strong>Dur\u00e9e :<\/strong> 45 \u00e0 60 min<br><strong>Tarif :<\/strong> 50 \u20ac<br>Un temps pour vous, apr\u00e8s l\u2019effort, pour analyser votre plan nutritionnel, votre r\u00e9cup\u00e9ration et vos ressentis digestifs.<br>Objectif : <strong>optimiser la r\u00e9cup\u00e9ration<\/strong>, <strong>corriger les d\u00e9s\u00e9quilibres<\/strong> et <strong>pr\u00e9parer sereinement la reprise<\/strong>.<\/p>\n\n\n\n<hr class=\"wp-block-separator has-alpha-channel-opacity\"\/>\n\n\n\n<h3 class=\"wp-block-heading\"><strong>P\u00e9diatrie<\/strong><\/h3>\n\n\n\n<p><strong>Dur\u00e9e :<\/strong> 45-60 min<br><strong>Tarif :<\/strong> 50 \u20ac<br>Consultation d\u00e9di\u00e9e aux enfants et adolescents : \u00e9quilibre alimentaire, croissance, s\u00e9lectivit\u00e9, surpoids ou carences.<br>Objectif : <strong>favoriser une relation positive \u00e0 l\u2019alimentation<\/strong> et accompagner la croissance dans la s\u00e9r\u00e9nit\u00e9.<\/p>\n\n\n\n<hr class=\"wp-block-separator has-alpha-channel-opacity\"\/>\n\n\n\n<h3 class=\"wp-block-heading\"><strong>Transition hormonale \/ M\u00e9nopause \/ Seniors<\/strong><\/h3>\n\n\n\n<p><strong>Dur\u00e9e :<\/strong> 45-60 min<br><strong>Tarif :<\/strong> 50 \u20ac<br>Accompagnement sp\u00e9cifique pour les femmes en p\u00e9riode de transition hormonale et les seniors souhaitant pr\u00e9server sant\u00e9, vitalit\u00e9 et masse musculaire.<br>Objectif : <strong>adapter l\u2019alimentation aux changements du corps<\/strong> et soutenir \u00e9nergie, digestion et bien-\u00eatre au quotidien.<\/p>\n\n\n\n<hr class=\"wp-block-separator has-alpha-channel-opacity\"\/>\n\n\n\n<h3 class=\"wp-block-heading\"> <strong>Autres prestations sur demande<\/strong><\/h3>\n\n\n\n<p>Ateliers collectifs, interventions en structures, accompagnements sp\u00e9cifiques (sportifs, entreprises, \u00e9tablissements de sant\u00e9).<\/p>\n\n\n\n<blockquote class=\"wp-block-quote is-layout-flow wp-block-quote-is-layout-flow\">\n<p><strong>Tarif sur devis.<\/strong><\/p>\n<\/blockquote>\n\n\n\n<hr class=\"wp-block-separator has-alpha-channel-opacity\"\/>\n\n\n\n<h4 class=\"wp-block-heading\"><strong>Modalit\u00e9s<\/strong><\/h4>\n\n\n\n<ul class=\"wp-block-list\">\n<li>R\u00e8glement : carte ou esp\u00e8ces au cabinet. Gabiers au leaderprice et laposte centre.<\/li>\n\n\n\n<li>Certaines mutuelles remboursent partiellement les consultations sur pr\u00e9sentation de facture.<\/li>\n\n\n\n<li>Toute annulation doit \u00eatre signal\u00e9e <strong>au moins 24h \u00e0 l\u2019avance<\/strong>.<\/li>\n<\/ul>\n","protected":false},"excerpt":{"rendered":"<p>Consultations &amp; Prestations Bilan di\u00e9t\u00e9tique initial \/ R\u00e9\u00e9quilibrage alimentaire Dur\u00e9e : 1hTarif : 60 \u20acPremi\u00e8re rencontre permettant de faire le point sur votre sant\u00e9, vos habitudes alimentaires, votre mode de vie et vos objectifs.Un plan alimentaire personnalis\u00e9 est ensuite \u00e9labor\u00e9 pour poser les bases d\u2019un accompagnement adapt\u00e9 et durable. Consultation de suivi Dur\u00e9e : 30 [&hellip;]<\/p>\n","protected":false},"author":1,"featured_media":0,"parent":0,"menu_order":0,"comment_status":"closed","ping_status":"closed","template":"","meta":{"footnotes":""},"class_list":["post-59","page","type-page","status-publish","hentry"],"_links":{"self":[{"href":"https:\/\/madameladiet.fr\/index.php\/wp-json\/wp\/v2\/pages\/59","targetHints":{"allow":["GET"]}}],"collection":[{"href":"https:\/\/madameladiet.fr\/index.php\/wp-json\/wp\/v2\/pages"}],"about":[{"href":"https:\/\/madameladiet.fr\/index.php\/wp-json\/wp\/v2\/types\/page"}],"author":[{"embeddable":true,"href":"https:\/\/madameladiet.fr\/index.php\/wp-json\/wp\/v2\/users\/1"}],"replies":[{"embeddable":true,"href":"https:\/\/madameladiet.fr\/index.php\/wp-json\/wp\/v2\/comments?post=59"}],"version-history":[{"count":4,"href":"https:\/\/madameladiet.fr\/index.php\/wp-json\/wp\/v2\/pages\/59\/revisions"}],"predecessor-version":[{"id":86,"href":"https:\/\/madameladiet.fr\/index.php\/wp-json\/wp\/v2\/pages\/59\/revisions\/86"}],"wp:attachment":[{"href":"https:\/\/madameladiet.fr\/index.php\/wp-json\/wp\/v2\/media?parent=59"}],"curies":[{"name":"wp","href":"https:\/\/api.w.org\/{rel}","templated":true}]}}